 + 0). Calculate the highest common divisor of 12 and h.
12
Suppose -120 = 5*j - 380. Calculate the greatest common divisor of 13 and j.
13
Let s be 57/228 - (-467)/4. Suppose -5*b + 34 = -31. Calculate the greatest common divisor of b and s.
13
Suppose 2*m - 10 = -2*p, -5*m + p + p = -46. What is the highest common factor of 40 and m?
8
Let y be (1/3)/((-2)/(-462)). Suppose 111 = 3*z - 3*i, -i + 16 + 13 = z. Suppose -n - 2*n = -z. Calculate the highest common divisor of y and n.
11
Suppose -3*h = -4*y + 79, -3*h + 0 = 3. Suppose 0 = -4*p + l + 227, 5*l + 116 = 5*p - 149. Let i = p - y. What is the greatest common factor of 13 and i?
13
Let t be (-18)/30 - 26/(-10). Let a = t - -2. Calculate the highest common factor of 16 and a.
4
Suppose -10 = 2*f, 5 = -5*j - 0*j + 5*f. Let z = j + 8. Suppose -z*m + 4 = -m. Calculate the greatest common factor of m and 4.
4
Suppose 4*h = -f + 21, -2*f - 2*f + 5*h - 21 = 0. Calculate the highest common divisor of f and 11.
1
Suppose -v + 6*w - w = 17, 10 = 2*v + w. Suppose -v*b + 6 = -0. Calculate the highest common divisor of 1 and b.
1
Suppose 4*h = h + 36. Suppose 4*f + 10 = 3*f. Let y be (-6)/15 - 244/f. Calculate the highest common divisor of h and y.
12
Suppose 18 = 5*w - 2*w. What is the greatest common factor of 42 and w?
6
Suppose 0 = g + k - 26, g + g - 58 = -4*k. What is the greatest common factor of g and 115?
23
Suppose -x - 11 + 8 = 0. Let n be 19 + (x + 1)/2. Calculate the greatest common divisor of 54 and n.
18
Let z(l) = -2*l**2 + 7*l - 6. Suppose 6*d - 3*d - 12 = 0. Let u be z(d). Let x be u/(-4*(-1)/(-54)). What is the highest common divisor of 15 and x?
15
Suppose -t + 54 = 12. Suppose -7*l + 8*l - 737 = 0. Let r be 6/(-21) + l/7. What is the greatest common factor of r and t?
21
Suppose 2*b - 11 - 1 = 0. Let p be 25/((-4)/b + 1). Let m = -25 + p. What is the greatest common divisor of 10 and m?
10
Let q(b) = 6*b + 2. Let n be q(2). Suppose f = -f + 4*t + n, f = t + 9. Calculate the highest common factor of 55 and f.
11
Suppose 7*m - 6*m - 4 = 0. Suppose 2*n + 3*p = 2, -n - m*p = -9*p - 14. Suppose -5*j + 0 + 5 = 0. What is the greatest common divisor of j and n?
1
Suppose 4 - 1 = b. Let d = b + 0. Suppose -5*l = -d*t - 232, -5*l - 3*t + 224 = -4*t. What is the greatest common factor of l and 4?
4
Suppose 3*o = 6*o - 90. What is the highest common divisor of 10 and o?
10
Let q(c) = -2*c**3 - 3*c**2 - 11. Let m be q(-3). Calculate the highest common factor of 32 and m.
16
Suppose -14 - 58 = -4*v. Let c = 64 - 37. Calculate the highest common divisor of v and c.
9
Let k be 20/35 - 2344/(-14). What is the highest common divisor of 24 and k?
24
Suppose -7 = 3*p + 17. Let o(h) = h**3 + 7*h**2 - 10*h - 4. Let z be o(p). What is the greatest common divisor of 18 and z?
6
Suppose 102 = 3*s + 30. What is the highest common factor of s and 6?
6
Let l = 3 - -3. Let h = 9 - l. What is the highest common divisor of 21 and h?
3
Suppose -2*t + 0*l - 45 = -3*l, -2*l = -4*t - 78. Let x be 24/t*(-75)/2. What is the greatest common factor of 10 and x?
10
Let i(x) = 7*x**3 - 3*x - 3*x**3 - x**3 - x**2 + 6. Let j be i(4). Let k = -33 - -50. Calculate the greatest common divisor of j and k.
17
Suppose -11*j - 50 = -16*j. Suppose 3*k = k + 4. What is the highest common factor of k and j?
2
Let q = -10 - -77. Suppose 0 = -2*l + q + 163. What is the greatest common factor of l and 46?
23
Let j(b) = -b**2 - 11*b - 15. Let q be j(-8). What is the highest common factor of 1 and q?
1
Suppose 60 = 8*t - 3*t. Let k be t/2*1/3. Suppose 0 = -k*y + 22 + 14. Calculate the greatest common factor of y and 9.
9
Let s = -15 - -42. Calculate the highest common factor of s and 9.
9
Let k = -313 + 170. Let j = 275 + k. Calculate the highest common divisor of 12 and j.
12
Let n = 322 - 262. Suppose 0 = -0*c - 3*c + 45. What is the highest common divisor of c and n?
15
Let m be 39/15 + (-3)/5. Suppose -m*d - d + 57 = 0. What is the greatest common factor of d and 38?
19
Let k(b) = -b. Let o be k(-15). Calculate the highest common factor of 75 and o.
15
Suppose 0 = -4*x + 191 + 33. Suppose -x = -7*n + 3*n. Calculate the highest common divisor of 42 and n.
14
Let p be 12 + (6 + -3)*-1. What is the greatest common factor of p and 3?
3
Suppose 0 = -f + 14 - 4. What is the highest common factor of 15 and f?
5
Suppose -4*q + 68 = l, l - 4*q = 23 + 5. What is the highest common factor of l and 12?
12
Suppose 2*s - 12 = 42. Let l = 49 - s. Let q(t) = -t**3 - t**2 + 11. Let o be q(0). Calculate the greatest common divisor of o and l.
11
Let x be (1 - 0)*216/6. Let c(t) = 2*t. Let h be c(6). Calculate the greatest common factor of h and x.
12
Let b = -15 + 18. Suppose 2*g - 175 = -b*g. What is the highest common divisor of g and 7?
7
Let o = -51 + 121. Calculate the greatest common factor of 7 and o.
7
Let v(c) = c**3 + c**2 - 6*c + 2. Let f be v(-3). Suppose 0 = 2*a + a - 3. Let m = f - a. What is the greatest common divisor of m and 1?
1
Let s(y) = 6*y + 74. Let b be s(-11). Suppose 3*q = 8*q - 80. Calculate the highest common divisor of b and q.
8
Let x = 11 - 6. Let m(g) = -g + 2. Let w = 7 + -10. Let f be m(w). Calculate the greatest common divisor of x and f.
5
Suppose -2*n + 3*s + 14 = 0, -3*n = -0*n + 2*s + 5. Let h be (-5 - -65)/(0 + n). Calculate the highest common factor of h and 40.
20
Suppose 5 = 5*f + c, -f - 19 = -3*f + 3*c. Let t be (8 + -10)/(f/(-12)). What is the highest common factor of t and 6?
6
Let d be ((2 - 5) + 5)*6. What is the greatest common factor of d and 8?
4
Suppose 5*z = -s + 12, 4*s = 3 + 5. Suppose z*p - 336 = -p. What is the greatest common divisor of p and 14?
14
Let w(z) = -20*z**2 + 17*z + 34. Let f(q) = -7*q**2 + 6*q + 11. Let x(n) = -17*f(n) + 6*w(n). Let i be x(0). What is the greatest common divisor of 17 and i?
17
Suppose -5*z + 58 = 4*x, -2*x - z + 14 = -x. What is the highest common divisor of 4 and x?
4
Let j(b) be the second derivative of -b**3/3 - 2*b**2 - 4*b. Let a be j(-5). Suppose -a = -o - 2*o. Calculate the greatest common divisor of 22 and o.
2
Suppose -4*i + 3*q + 69 = 0, -4*q - 1 + 5 = 0. Let j be (0 - 2)*-2 + 3. Suppose 0 = j*r - 10*r + 81. What is the greatest common divisor of i and r?
9
Suppose -3*c = -c - 24. Suppose 0*q - 15 = -5*q. What is the highest common divisor of c and q?
3
Let l(a) = -a**2 - 8*a - 7. Let r be l(-5). Suppose -4*d + 70 = 2*h + 2, -3*d + 15 = 0. What is the highest common factor of r and h?
8
Let u(l) = l**2 - 5*l + 15. Let h be u(8). What is the greatest common divisor of 117 and h?
39
Let w = -11 - -16. Let a = -4 + w. Let j be a/1 - 124/(-4). What is the highest common divisor of j and 16?
16
Let t = 4 + 2. Let k = t + -3. Suppose k*a = 4*n - 41, -5*n + n - 4*a = -48. What is the highest common divisor of 11 and n?
11
Let g(t) = 11*t + 12. Let h be g(-6). Let l be ((-2)/3)/(12/h). What is the highest common divisor of l and 1?
1
Suppose 4*t - 142 = 2*t - 3*b, 211 = 3*t + 5*b. Calculate the greatest common factor of 7 and t.
7
Let f(g) = -2*g. Let x be f(-5). What is the highest common divisor of x and 30?
10
Let n = -186 + 274. What is the highest common divisor of 11 and n?
11
Let z(u) = 3*u. Let m be z(-6). Let x = -5 - m. Let a(d) = -3*d**3 - d**2 + 3*d + 2. Let s be a(-3). What is the greatest common divisor of x and s?
13
Let f(x) = x**2 - 7*x - 9. Let h be f(9). Suppose 0 = w + 3*s - 75, -4*s - h + 1 = 0. Calculate the greatest common factor of 9 and w.
9
Let i be ((-5 + 4)*(-2 - -187))/(-1). Calculate the greatest common divisor of 74 and i.
37
Let b(z) be the first derivative of 2*z**3/3 + 2*z**2 + 4. Let g be b(-5). What is the greatest common factor of g and 75?
15
Let m = 203 - 131. What is the greatest common factor of m and 9?
9
Let r(m) = 3*m - 3. Let d be r(2). Suppose 0 = l + d*p - 0*p + 6, -2*p - 4 = 0. Suppose l = 2*t - 3*t + 30. Calculate the greatest common divisor of 12 and t.
6
Let s = 127 + -115. Let i = 132 + -36. Calculate the greatest common divisor of i and s.
12
Let y(i) = 7*i + 1. Let j be y(1). Let u be (-4)/(j/14) - 1. Let h be u*(-6 - 0 - -1). What is the highest common factor of 5 and h?
5
Suppose 6 = -2*s - 4*w, 2*s + 3*w = -2*s + 13. Let l be 1/(-4) + (-591)/(-12). What is the greatest common factor of l and s?
7
Le